46 and 4830924?
1194
Calculate the highest common divisor of 750329 and 7373.
101
What is the greatest common factor of 132 and 391211964?
132
Calculate the highest common factor of 25560 and 265185.
3195
What is the highest common divisor of 332580 and 21281505?
3615
What is the greatest common divisor of 15 and 447184995?
15
Calculate the highest common divisor of 9884 and 9543708.
1412
What is the highest common divisor of 7236587 and 1397?
127
Calculate the greatest common factor of 60 and 15901400.
20
Calculate the highest common divisor of 3747494 and 4782.
1594
What is the highest common factor of 124301577 and 7495?
1499
What is the greatest common factor of 7595 and 78085?
35
Calculate the greatest common divisor of 2375 and 4175375.
125
Calculate the highest common factor of 556 and 42952946.
278
What is the greatest common divisor of 238251 and 39?
39
Calculate the greatest common divisor of 35632 and 2474928.
272
What is the highest common divisor of 13468093 and 203?
29
Calculate the greatest common factor of 39 and 2425345.
13
What is the greatest common divisor of 4409300 and 196?
28
Calculate the greatest common divisor of 30000 and 29840.
80
Calculate the highest common factor of 259969842 and 99.
99
What is the greatest common factor of 3417117 and 99?
33
Calculate the highest common divisor of 1072 and 31758.
134
Calculate the highest common factor of 1826 and 7675674.
166
What is the greatest common factor of 73048 and 2416?
8
What is the highest common divisor of 115166 and 2867313?
89
Calculate the highest common factor of 769 and 56319253.
769
What is the highest common divisor of 2365 and 7381982?
43
What is the highest common divisor of 20951878 and 3376?
422
What is the highest common factor of 16966 and 64634?
34
What is the highest common divisor of 144 and 22875543?
9
Calculate the highest common factor of 1826 and 126660324.
166
What is the greatest common divisor of 23914225 and 75?
25
What is the greatest common factor of 11966 and 68901?
193
Calculate the greatest common factor of 459 and 1666901.
17
What is the highest common divisor of 507 and 276568669?
169
Calculate the highest common divisor of 24429 and 485112.
51
What is the greatest common factor of 37229 and 9382339?
631
Calculate the greatest common divisor of 1400 and 1200976.
56
Calculate the highest common factor of 2030528 and 64.
64
Calculate the highest common divisor of 58943593 and 94.
47
Calculate the highest common divisor of 25788 and 478541469.
6447
Calculate the highest common factor of 50176478 and 110.
22
What is the highest common factor of 241489682 and 2338?
2338
What is the greatest common factor of 86960 and 38960?
80
What is the highest common factor of 3576881 and 14729?
1133
Calculate the highest common divisor of 640 and 134920400.
80
What is the highest common divisor of 4578011 and 429027?
1723
Calculate the highest common divisor of 361 and 6335683.
19
Calculate the greatest common factor of 3627 and 7578012.
1209
What is the highest common divisor of 1086040 and 680?
40
Calculate the highest common factor of 424536 and 16746429.
7581
What is the greatest common factor of 496463 and 26103286?
4103
What is the greatest common divisor of 4897 and 1812008?
59
Calculate the highest common divisor of 60981367 and 5818.
2909
Calculate the greatest common divisor of 4480 and 39120256.
896
Calculate the greatest common divisor of 7426 and 3842344.
94
What is the highest common divisor of 2509 and 9568?
13
Calculate the highest common factor of 324803204 and 484.
484
What is the greatest common divisor of 9729 and 2113263?
207
Calculate the greatest common factor of 672 and 2938830384.
336
Calculate the greatest common divisor of 2906539969 and 23.
23
Calculate the highest common factor of 36 and 37436292.
36
Calculate the highest common factor of 19362 and 37317.
21
What is the greatest common divisor of 82167 and 472797?
1347
What is the highest common divisor of 5499 and 609453?
117
Calculate the greatest common divisor of 244370 and 19670.
70
Calculate the highest common divisor of 283 and 123582704.
283
Calculate the greatest common divisor of 138985381 and 398.
199
Calculate the highest common divisor of 60866 and 3403814.
4682
Calculate the greatest common divisor of 22 and 59708990.
22
Calculate the highest common factor of 10450 and 145882.
418
What is the greatest common factor of 154185 and 48284250?
8115
Calculate the highest common divisor of 1599 and 305125977.
1599
What is the highest common factor of 58 and 16701187?
29
Calculate the greatest common factor of 3309 and 512945738.
1103
What is the greatest common factor of 140087 and 1061055?
1387
Calculate the highest common divisor of 17442148 and 8684.
668
What is the greatest common factor of 212862 and 48828?
78
What is the greatest common divisor of 311620 and 25540?
20
What is the greatest common factor of 2454 and 22191522?
2454
Calculate the highest common divisor of 7072 and 3265496.
1768
Calculate the greatest common divisor of 127624571 and 214.
107
What is the highest common factor of 1648623 and 75649?
101
What is the greatest common divisor of 1496 and 2243354?
34
Calculate the greatest common factor of 47555 and 745.
5
Calculate the greatest common factor of 3991 and 1300838513.
3991
What is the highest common factor of 40635 and 23065?
35
What is the greatest common factor of 161 and 2924059?
23
Calculate the greatest common divisor of 5824269 and 77.
11
Calculate the highest common divisor of 3677173 and 108279.
227
Calculate the highest common factor of 24287515 and 105.
35
What is the highest common factor of 1224523 and 1514211?
739
Calculate the greatest common divisor of 2096 and 278531152.
2096
Calculate the greatest common divisor of 4279 and 2293155.
389
What is the highest common divisor of 18509 and 2988581?
83
What is the highest common factor of 25334 and 726082?
478
Calculate the highest common factor of 281970 and 43290.
1170
Calculate the highest common factor of 383488 and 49112.
56
Calculate the highest common divisor of 45048 and 7212.
12
What is the greatest common factor of 37030839 and 17805?
3561
Calculate the highest common divisor of 4957134 and 364.
182
What is the greatest common divisor of 724 and 28761262?
362
What is the highest common factor of 772298040 and 5920?
1480
Calculate the greatest common divisor of 113476 and 902.
22
Calculate the greatest common factor of 2436790 and 65995.
335
What is the highest common factor of 824 and 62068727?
103
Calculate the greatest common divisor of 1362 and 211814.
2
What is the greatest common factor of 9450020 and 1335?
445
What is the highest common divisor of 1366118 and 3952?
26
What is the highest common factor of 475 and 389575?
25
Calculate the highest common factor of 416614 and 433840.
638
Calculate the greatest common factor of 10205 and 5349461.
2041
Calculate the highest common factor of 4529 and 4923670.
647
What is the highest common divisor of 315351 and 151520?
947
Calculate the greatest common factor of 4543 and 510587.
77
What is the highest common divisor of 18312 and 42329?
7
Calculate the greatest common divisor of 45067005 and 1449.
207
Calculate the greatest common factor of 832114229 and 236.
59
Calculate the highest common divisor of 1297614 and 48.
6
Calculate the highest common divisor of 51494398 and 466.
466
Calculate the greatest common factor of 720 and 15087780.
180
Calculate the highest common factor of 16895664 and 112.
16
What is the greatest common divisor of 3723 and 82361447?
1241
What is the greatest common factor of 4 and 20183164?
4
What is the greatest common factor of 2346 and 243616?
46
What is the greatest common divisor of 4084717 and 273?
91
What is the greatest common factor of 33184 and 200812?
244
Calculate the highest common divisor of 2062006806 and 102.
102
What is the highest common divisor of 4 and 5884022?
2
What is the greatest common divisor of 3153 and 6339?
3
Calculate the highest common divisor of 22727600 and 15400.
1400
What is the highest common factor of 18348 and 28765?
11
What is the greatest common divisor of 168333573 and 4782?
2391
Calculate the greatest common divisor of 139 and 4768117.
139
What is the grea